{"id":126,"date":"2016-05-21T18:02:27","date_gmt":"2016-05-21T17:02:27","guid":{"rendered":"http:\/\/voyage-partage.fr\/?page_id=126"},"modified":"2020-04-11T23:25:59","modified_gmt":"2020-04-11T22:25:59","slug":"les-partenaires","status":"publish","type":"page","link":"https:\/\/voyage-partage.fr\/index.php\/les-partenaires\/","title":{"rendered":"Ils ont d\u00e9j\u00e0 rejoint l&rsquo;aventure :"},"content":{"rendered":"\n<h1 class=\"wp-block-heading\"><br><\/h1>\n\n\n\n<div class=\"wp-block-image\"><figure class=\"alignleft is-resized\"><img loading=\"lazy\" decoding=\"async\" src=\"https:\/\/voyage-partage.fr\/wp-content\/uploads\/2018\/02\/logo_fts.png\" alt=\"\" class=\"wp-image-458\" width=\"141\" height=\"85\" srcset=\"https:\/\/voyage-partage.fr\/wp-content\/uploads\/2018\/02\/logo_fts.png 3046w, https:\/\/voyage-partage.fr\/wp-content\/uploads\/2018\/02\/logo_fts-300x182.png 300w, https:\/\/voyage-partage.fr\/wp-content\/uploads\/2018\/02\/logo_fts-768x466.png 768w, https:\/\/voyage-partage.fr\/wp-content\/uploads\/2018\/02\/logo_fts-1024x622.png 1024w\" sizes=\"auto, (max-width: 141px) 100vw, 141px\" \/><\/figure><\/div>\n\n\n\n<ul class=\"wp-block-list\"><li><strong>L\u2019association Fais ta Science !<\/strong><br>Cr\u00e9\u00e9 par Ta\u00efna en 2012, cette association promeut la vulgarisation scientifique et est orient\u00e9e vers des supports de connaissances interactifs. C\u2019est le soutien du projet Voyage-Partage et elle finance une partie du projet. Tous les dons ayant vocation \u00e0 soutenir la cr\u00e9ation et la pr\u00e9sentation des expositions du Voyage de Ta\u00efna doivent de pr\u00e9f\u00e9rence \u00eatre vers\u00e9s \u00e0 l\u2019association.&nbsp;Un dossier de pr\u00e9sentation de l\u2019association est disponible sur le site voyage-partage.fr onglet Soutenir le projet \/ L\u2019asso. Il est g\u00e9n\u00e9ralement joint \u00e0 la version papier de ce dossier de pr\u00e9sentation.&nbsp;<br><br><\/li><li><strong>Carole S\u00e9journet<\/strong><br>C\u2019est la Vice-pr\u00e9sidente de l\u2019association Fais ta Science. Elle g\u00e8re l\u2019administration de l\u2019association en l\u2019absence de la Pr\u00e9sident Ta\u00efna Cluzeau et informe les adh\u00e9rents de l\u2019avanc\u00e9e du projet. Elle a le statut de secr\u00e9taire de r\u00e9daction sur le site internet du projet. Elle est directrice-adjointe \u00e0 la Sauvegarde du Nord, une association d\u2019aide \u00e0 l\u2019enfance.&nbsp;<\/li><\/ul>\n\n\n\n<div class=\"wp-block-image\"><figure class=\"alignleft is-resized\"><img loading=\"lazy\" decoding=\"async\" src=\"http:\/\/voyage-partage.fr\/wp-content\/uploads\/2016\/05\/IMG-20180412-WA0000-150x150.png\" alt=\"-Nad\u00e8ge- La community manager de l'aventure\" class=\"wp-image-528\" width=\"105\" height=\"105\" srcset=\"https:\/\/voyage-partage.fr\/wp-content\/uploads\/2016\/05\/IMG-20180412-WA0000-150x150.png 150w, https:\/\/voyage-partage.fr\/wp-content\/uploads\/2016\/05\/IMG-20180412-WA0000-144x144.png 144w, https:\/\/voyage-partage.fr\/wp-content\/uploads\/2016\/05\/IMG-20180412-WA0000-120x120.png 120w\" sizes=\"auto, (max-width: 105px) 100vw, 105px\" \/><\/figure><\/div>\n\n\n\n<ul class=\"wp-block-list\"><li><strong>Nad\u00e8ge Joly<\/strong><br>C\u2019est la responsable de la communication du projet et la community manager du site. Elle est journaliste scientifique et organise tous les ans, le festival Pint of science : des conf\u00e9rences et des rencontres entre chercheurs et tous les publics dans des bars.<\/li><\/ul>\n\n\n\n<div class=\"wp-block-image wp-image-529 size-thumbnail\"><figure class=\"alignleft is-resized\"><img loading=\"lazy\" decoding=\"async\" src=\"http:\/\/voyage-partage.fr\/wp-content\/uploads\/2016\/05\/anne-laure-150x150.png\" alt=\"\" class=\"wp-image-529\" width=\"102\" height=\"102\" srcset=\"https:\/\/voyage-partage.fr\/wp-content\/uploads\/2016\/05\/anne-laure-150x150.png 150w, https:\/\/voyage-partage.fr\/wp-content\/uploads\/2016\/05\/anne-laure-144x144.png 144w, https:\/\/voyage-partage.fr\/wp-content\/uploads\/2016\/05\/anne-laure-120x120.png 120w\" sizes=\"auto, (max-width: 102px) 100vw, 102px\" \/><figcaption> <\/figcaption><\/figure><\/div>\n\n\n\n<ul class=\"wp-block-list\"><li><strong>Anne-Laure Thiery<\/strong><br>Graphiste et illustratrice \u00e0 ses heures perdues, elle con\u00e7oit les support de communication du projet. Elle travaille en tant que maquettiste dans de nombreux magazines de presse.<br><br><br><br><\/li><li><strong>Giuseppe D\u2019Elia<\/strong><br>Directeur commercial bilingue anglais, il participe \u00e0 la traduction du site internet et \u00e0 l\u2019\u00e9criture et traduction des documents de communication.&nbsp;<br><br><\/li><li><strong>Mike Rosser<\/strong><br>Professeur universitaire \u00e0 la retraite au Royaume-Uni, il relit avec grande attention les documents traduits en anglais.<br><br><\/li><li><strong>Marion Vankersschaver Denoize<\/strong><br>M\u00e9diatrice scientifique, elle participe \u00e0 la conception des expositions.<\/li><\/ul>\n\n\n\n<p>Vous aussi vous voulez partager l&rsquo;aventure ? RDV <a href=\"http:\/\/voyage-partage.fr\/index.php\/me-soutenir\/\">ICI<\/a><\/p>\n","protected":false},"excerpt":{"rendered":"<p>L\u2019association Fais ta Science !Cr\u00e9\u00e9 par Ta\u00efna en 2012, cette association promeut la vulgarisation scientifique et est orient\u00e9e vers des supports de connaissances interactifs. C\u2019est le soutien du projet Voyage-Partage et elle finance une partie du projet. Tous les dons ayant vocation \u00e0 soutenir la cr\u00e9ation et la pr\u00e9sentation des expositions du Voyage de Ta\u00efna [&hellip;]<\/p>\n","protected":false},"author":1,"featured_media":0,"parent":0,"menu_order":0,"comment_status":"closed","ping_status":"closed","template":"","meta":{"sfsi_plus_gutenberg_text_before_share":"","sfsi_plus_gutenberg_show_text_before_share":"","sfsi_plus_gutenberg_icon_type":"","sfsi_plus_gutenberg_icon_alignemt":"","sfsi_plus_gutenburg_max_per_row":"","_exactmetrics_skip_tracking":false,"_exactmetrics_sitenote_active":false,"_exactmetrics_sitenote_note":"","_exactmetrics_sitenote_category":0,"footnotes":""},"tags":[65,95,68,97,66,67,94,64,96,98,69,63],"class_list":["post-126","page","type-page","status-publish","hentry","tag-aide","tag-anne-laure","tag-argent","tag-benevoles","tag-don","tag-materiel","tag-nadege","tag-partenaires","tag-participants","tag-participation","tag-services","tag-sponsor"],"post_mailing_queue_ids":[],"_links":{"self":[{"href":"https:\/\/voyage-partage.fr\/index.php\/wp-json\/wp\/v2\/pages\/126","targetHints":{"allow":["GET"]}}],"collection":[{"href":"https:\/\/voyage-partage.fr\/index.php\/wp-json\/wp\/v2\/pages"}],"about":[{"href":"https:\/\/voyage-partage.fr\/index.php\/wp-json\/wp\/v2\/types\/page"}],"author":[{"embeddable":true,"href":"https:\/\/voyage-partage.fr\/index.php\/wp-json\/wp\/v2\/users\/1"}],"replies":[{"embeddable":true,"href":"https:\/\/voyage-partage.fr\/index.php\/wp-json\/wp\/v2\/comments?post=126"}],"version-history":[{"count":23,"href":"https:\/\/voyage-partage.fr\/index.php\/wp-json\/wp\/v2\/pages\/126\/revisions"}],"predecessor-version":[{"id":2192,"href":"https:\/\/voyage-partage.fr\/index.php\/wp-json\/wp\/v2\/pages\/126\/revisions\/2192"}],"wp:attachment":[{"href":"https:\/\/voyage-partage.fr\/index.php\/wp-json\/wp\/v2\/media?parent=126"}],"wp:term":[{"taxonomy":"post_tag","embeddable":true,"href":"https:\/\/voyage-partage.fr\/index.php\/wp-json\/wp\/v2\/tags?post=126"}],"curies":[{"name":"wp","href":"https:\/\/api.w.org\/{rel}","templated":true}]}}