{"id":130,"date":"2016-05-21T18:03:06","date_gmt":"2016-05-21T17:03:06","guid":{"rendered":"http:\/\/voyage-partage.fr\/?page_id=130"},"modified":"2018-12-30T23:08:45","modified_gmt":"2018-12-30T22:08:45","slug":"kit-press","status":"publish","type":"page","link":"https:\/\/voyage-partage.fr\/index.php\/page-d-exemple\/kit-press\/","title":{"rendered":"Kit presse"},"content":{"rendered":"<ul>\n<li><a href=\"http:\/\/voyage-partage.fr\/index.php\/page-d-exemple\/mentions-dans-les-journaux\/\">Mentions dans les m\u00e9dias<\/a><\/li>\n<li><a href=\"http:\/\/voyage-partage.fr\/index.php\/contactpresse\/\">Contact <\/a><\/li>\n<\/ul>\n<div style=\"float: center; width: 75%; padding: 7%;\">\n<p><strong>Dossiers de pr\u00e9sentation et logos :<\/strong><\/p>\n<ul>\n<li>Voyage-partage (<a href=\"https:\/\/voyage-partage.fr\/wp-content\/uploads\/2018\/12\/LeVoyageDeTaina.pdf\" target=\"_blank\" rel=\"noopener\">t\u00e9l\u00e9charger <\/a>;<a href=\"https:\/\/fr.calameo.com\/read\/00073974326f757015435\" target=\"_blank\" rel=\"noopener\"> voir sur calameo<\/a>)\u00a0&#8211; Derni\u00e8re mise \u00e0 jour 30\/12\/2018<\/li>\n<li>Voyage-partage (Travel and share) in english (<a href=\"https:\/\/voyage-partage.fr\/wp-content\/uploads\/2018\/12\/TainaStravel.pdf\" target=\"_blank\" rel=\"noopener\">download<\/a>) &#8211; Last update 30\/12\/2018<\/li>\n<li>Voyage-partage en Arab \u0627\u0644\u0644\u063a\u0629 \u0627\u0644\u0639\u0631\u0628\u064a\u0629\u00a0\u00a0<span lang=\"ar\" style=\"font-family: Menlo, Consolas, monaco, monospace; font-size: 14px; white-space: pre-wrap;\"><span lang=\"ar\" style=\"font-family: Menlo, Consolas, monaco, monospace; font-size: 14px; white-space: pre-wrap;\"><a style=\"font-family: Menlo, Consolas, monaco, monospace; font-size: 14px; white-space: pre-wrap;\" href=\"https:\/\/voyage-partage.fr\/wp-content\/uploads\/2018\/10\/DossierPr\u00e9sentationArab.pdf\">\u062a\u062d\u0645\u064a\u0644<\/a> <span lang=\"ar\">\u0622\u062e\u0631 \u062a\u062d\u062f\u064a\u062b 30\/10\/2018<\/span><\/span><\/span><\/li>\n<li>Association Fais ta science ! (<a href=\"https:\/\/voyage-partage.fr\/wp-content\/uploads\/2018\/05\/fais-ta-science-presentation4-calameo.pdf\" target=\"_blank\" rel=\"noopener\">t\u00e9l\u00e9charger<\/a> ;<a href=\"https:\/\/fr.calameo.com\/read\/0007397439429d2769624\" target=\"_blank\" rel=\"noopener\"> voir sur calameo<\/a>)<\/li>\n<li>Logo Voyage-partage (<a href=\"https:\/\/voyage-partage.fr\/wp-content\/uploads\/2018\/09\/logoherbe2HD-1.png\" data-rel=\"lightbox-image-0\" data-rl_title=\"\" data-rl_caption=\"\" title=\"\">.PNG<\/a>)<br \/>\n<img decoding=\"async\" src=\"https:\/\/voyage-partage.fr\/wp-content\/uploads\/2018\/09\/logoherbe2HD-1.png\" \/><\/li>\n<li>Logo Fais ta science ! (<a href=\"https:\/\/voyage-partage.fr\/wp-content\/uploads\/2018\/02\/logo_fts.png\" data-rel=\"lightbox-image-1\" data-rl_title=\"\" data-rl_caption=\"\" title=\"\">.PNG<\/a>)<br \/>\n<img loading=\"lazy\" decoding=\"async\" class=\"\" src=\"https:\/\/voyage-partage.fr\/wp-content\/uploads\/2018\/02\/logo_fts.png\" width=\"197\" height=\"120\" \/><\/li>\n<\/ul>\n<\/div>\n","protected":false},"excerpt":{"rendered":"<p>Mentions dans les m\u00e9dias Contact Dossiers de pr\u00e9sentation et logos : Voyage-partage (t\u00e9l\u00e9charger ; voir sur calameo)\u00a0&#8211; Derni\u00e8re mise \u00e0 jour 30\/12\/2018 Voyage-partage (Travel and share) in english (download) &#8211; Last update 30\/12\/2018 Voyage-partage en Arab \u0627\u0644\u0644\u063a\u0629 \u0627\u0644\u0639\u0631\u0628\u064a\u0629\u00a0\u00a0\u062a\u062d\u0645\u064a\u0644 \u0622\u062e\u0631 \u062a\u062d\u062f\u064a\u062b 30\/10\/2018 Association Fais ta science ! (t\u00e9l\u00e9charger ; voir sur calameo) Logo Voyage-partage (.PNG) Logo [&hellip;]<\/p>\n","protected":false},"author":1,"featured_media":0,"parent":2,"menu_order":0,"comment_status":"closed","ping_status":"closed","template":"","meta":{"sfsi_plus_gutenberg_text_before_share":"","sfsi_plus_gutenberg_show_text_before_share":"","sfsi_plus_gutenberg_icon_type":"","sfsi_plus_gutenberg_icon_alignemt":"","sfsi_plus_gutenburg_max_per_row":"","_exactmetrics_skip_tracking":false,"_exactmetrics_sitenote_active":false,"_exactmetrics_sitenote_note":"","_exactmetrics_sitenote_category":0,"footnotes":""},"tags":[107],"class_list":["post-130","page","type-page","status-publish","hentry","tag-kit-presse"],"post_mailing_queue_ids":[],"_links":{"self":[{"href":"https:\/\/voyage-partage.fr\/index.php\/wp-json\/wp\/v2\/pages\/130","targetHints":{"allow":["GET"]}}],"collection":[{"href":"https:\/\/voyage-partage.fr\/index.php\/wp-json\/wp\/v2\/pages"}],"about":[{"href":"https:\/\/voyage-partage.fr\/index.php\/wp-json\/wp\/v2\/types\/page"}],"author":[{"embeddable":true,"href":"https:\/\/voyage-partage.fr\/index.php\/wp-json\/wp\/v2\/users\/1"}],"replies":[{"embeddable":true,"href":"https:\/\/voyage-partage.fr\/index.php\/wp-json\/wp\/v2\/comments?post=130"}],"version-history":[{"count":41,"href":"https:\/\/voyage-partage.fr\/index.php\/wp-json\/wp\/v2\/pages\/130\/revisions"}],"predecessor-version":[{"id":1649,"href":"https:\/\/voyage-partage.fr\/index.php\/wp-json\/wp\/v2\/pages\/130\/revisions\/1649"}],"up":[{"embeddable":true,"href":"https:\/\/voyage-partage.fr\/index.php\/wp-json\/wp\/v2\/pages\/2"}],"wp:attachment":[{"href":"https:\/\/voyage-partage.fr\/index.php\/wp-json\/wp\/v2\/media?parent=130"}],"wp:term":[{"taxonomy":"post_tag","embeddable":true,"href":"https:\/\/voyage-partage.fr\/index.php\/wp-json\/wp\/v2\/tags?post=130"}],"curies":[{"name":"wp","href":"https:\/\/api.w.org\/{rel}","templated":true}]}}