{"id":1368,"date":"2018-02-25T16:23:48","date_gmt":"2018-02-25T15:23:48","guid":{"rendered":"https:\/\/voyage-partage.fr\/?page_id=1368"},"modified":"2019-02-20T13:37:37","modified_gmt":"2019-02-20T12:37:37","slug":"our-non-profit-organization","status":"publish","type":"page","link":"https:\/\/voyage-partage.fr\/index.php\/en\/support-the-project\/our-non-profit-organization\/","title":{"rendered":"Our Non Profit Organization"},"content":{"rendered":"<p style=\"text-align: center;\"><img loading=\"lazy\" decoding=\"async\" class=\"size-medium wp-image-458 aligncenter\" src=\"http:\/\/voyage-partage.fr\/wp-content\/uploads\/2018\/02\/logo_fts-300x182.png\" alt=\"\" width=\"300\" height=\"182\" srcset=\"https:\/\/voyage-partage.fr\/wp-content\/uploads\/2018\/02\/logo_fts-300x182.png 300w, https:\/\/voyage-partage.fr\/wp-content\/uploads\/2018\/02\/logo_fts-768x466.png 768w, https:\/\/voyage-partage.fr\/wp-content\/uploads\/2018\/02\/logo_fts-1024x622.png 1024w\" sizes=\"auto, (max-width: 300px) 100vw, 300px\" \/><\/p>\n<p style=\"text-align: center;\"><em>Fais ta science! (Do your science!)<\/em> is a small association with big goals. It was initially focused on the publication of a scientific experimentation magazine for children, and today it supports the production of the scientific exhibitions of the project.<\/p>\n<p style=\"text-align: center;\">You can donate to the association to support the Voyage-partage (Travel-sahring) project. The entire donation will be used to advance the project. And if you wish you can suggest me a particular action (in the payment form) to which you would like me to dedicate your donation. Following your donation (whatever the amount), you can become a member of the association by sending us <a href=\"https:\/\/docs.google.com\/forms\/d\/e\/1FAIpQLScoQvxMTgEzQga-d_tTsOObbIavYJ35f2TJPc4iOxQWNzD1AQ\/viewform\">a membership form<\/a>.<\/p>\n<p style=\"text-align: center;\">If you want to contribute to the project differently rather than financially,\u00a0 it&rsquo;s <a href=\"https:\/\/voyage-partage.fr\/index.php\/en\/support-the-project\/\">this way<\/a> &#x1f642;<\/p>\n<p style=\"text-align: center;\">\n<p style=\"text-align: center;\"><strong>Make a donation :<\/strong><\/p>\n<form style=\"text-align: center;\" action=\"https:\/\/www.paypal.com\/cgi-bin\/webscr\" method=\"post\" target=\"_top\"><input name=\"cmd\" type=\"hidden\" value=\"_s-xclick\" \/> <input name=\"hosted_button_id\" type=\"hidden\" value=\"HNX4C82D9NGLU\" \/> <input alt=\"PayPal, le r\u00e9flexe s\u00e9curit\u00e9 pour payer en ligne\" name=\"submit\" src=\"https:\/\/www.paypalobjects.com\/fr_FR\/FR\/i\/btn\/btn_donateCC_LG.gif\" type=\"image\" \/> <img loading=\"lazy\" decoding=\"async\" src=\"https:\/\/www.paypalobjects.com\/fr_FR\/i\/scr\/pixel.gif\" alt=\"\" width=\"1\" height=\"1\" border=\"0\" \/>\u00a0<\/form>\n<p style=\"text-align: center;\">\n<p style=\"text-align: center;\"><strong><span style=\"color: #ff0000;\"><a style=\"color: #ff0000;\" href=\"https:\/\/voyage-partage.fr\/index.php\/en\/me-soutenir\/our-non-profit-organization\/documents-administrative-make-ta-science\/\">Here<\/a><\/span> th<span style=\"color: #000000;\">e ad<\/span>ministrative documents of the Association (statutes, JO, AG&#8230;)<\/strong><\/p>\n","protected":false},"excerpt":{"rendered":"<p>Fais ta science! (Do your science!) is a small association with big goals. It was initially focused on the publication of a scientific experimentation magazine for children, and today it supports the production of the scientific exhibitions of the project. You can donate to the association to support the Voyage-partage (Travel-sahring) project. The entire donation [&hellip;]<\/p>\n","protected":false},"author":1,"featured_media":0,"parent":1366,"menu_order":0,"comment_status":"closed","ping_status":"closed","template":"","meta":{"sfsi_plus_gutenberg_text_before_share":"","sfsi_plus_gutenberg_show_text_before_share":"","sfsi_plus_gutenberg_icon_type":"","sfsi_plus_gutenberg_icon_alignemt":"","sfsi_plus_gutenburg_max_per_row":"","_exactmetrics_skip_tracking":false,"_exactmetrics_sitenote_active":false,"_exactmetrics_sitenote_note":"","_exactmetrics_sitenote_category":0,"footnotes":""},"tags":[],"class_list":["post-1368","page","type-page","status-publish","hentry"],"post_mailing_queue_ids":[],"_links":{"self":[{"href":"https:\/\/voyage-partage.fr\/index.php\/wp-json\/wp\/v2\/pages\/1368","targetHints":{"allow":["GET"]}}],"collection":[{"href":"https:\/\/voyage-partage.fr\/index.php\/wp-json\/wp\/v2\/pages"}],"about":[{"href":"https:\/\/voyage-partage.fr\/index.php\/wp-json\/wp\/v2\/types\/page"}],"author":[{"embeddable":true,"href":"https:\/\/voyage-partage.fr\/index.php\/wp-json\/wp\/v2\/users\/1"}],"replies":[{"embeddable":true,"href":"https:\/\/voyage-partage.fr\/index.php\/wp-json\/wp\/v2\/comments?post=1368"}],"version-history":[{"count":12,"href":"https:\/\/voyage-partage.fr\/index.php\/wp-json\/wp\/v2\/pages\/1368\/revisions"}],"predecessor-version":[{"id":1975,"href":"https:\/\/voyage-partage.fr\/index.php\/wp-json\/wp\/v2\/pages\/1368\/revisions\/1975"}],"up":[{"embeddable":true,"href":"https:\/\/voyage-partage.fr\/index.php\/wp-json\/wp\/v2\/pages\/1366"}],"wp:attachment":[{"href":"https:\/\/voyage-partage.fr\/index.php\/wp-json\/wp\/v2\/media?parent=1368"}],"wp:term":[{"taxonomy":"post_tag","embeddable":true,"href":"https:\/\/voyage-partage.fr\/index.php\/wp-json\/wp\/v2\/tags?post=1368"}],"curies":[{"name":"wp","href":"https:\/\/api.w.org\/{rel}","templated":true}]}}