{"id":648,"date":"2018-05-08T15:30:18","date_gmt":"2018-05-08T14:30:18","guid":{"rendered":"https:\/\/voyage-partage.fr\/?page_id=648"},"modified":"2021-12-29T22:09:31","modified_gmt":"2021-12-29T21:09:31","slug":"sinscrire-a-la-newsletter","status":"publish","type":"page","link":"https:\/\/voyage-partage.fr\/index.php\/sinscrire-a-la-newsletter\/","title":{"rendered":"S&rsquo;inscrire \u00e0 la newsletter"},"content":{"rendered":"<p>Si vous voulez \u00eatre pr\u00e9venu d\u00e8s qu&rsquo;un nouvel article est post\u00e9 sur le site, notamment pour les s\u00e9ries d&rsquo;articles, inscrivez-vous !<\/p>\n<div class=\"emaillist\" id=\"es_form_f3-n1\"><form action=\"\/index.php\/wp-json\/wp\/v2\/pages\/648#es_form_f3-n1\" method=\"post\" class=\"es_subscription_form es_shortcode_form  es_ajax_subscription_form\" id=\"es_subscription_form_69def46419fb9\" data-source=\"ig-es\" data-form-id=\"3\"><div class=\"es_caption\">Soyez pr\u00e9venu d\u00e8s qu'un nouvel article est post\u00e9 !<\/div><div class=\"es-field-wrap\"><label>Nom<br \/><input type=\"text\" name=\"esfpx_name\" class=\"ig_es_form_field_name\" placeholder=\"\" value=\"\" \/><\/label><\/div><div class=\"es-field-wrap\"><label>Email*<br \/><input class=\"es_required_field es_txt_email ig_es_form_field_email\" type=\"email\" name=\"esfpx_email\" value=\"\" placeholder=\"\" required=\"required\" \/><\/label><\/div><input type=\"hidden\" name=\"esfpx_lists[]\" value=\"ee78cee6409e\" \/><input type=\"hidden\" name=\"esfpx_form_id\" value=\"3\" \/><input type=\"hidden\" name=\"es\" value=\"subscribe\" \/>\n\t\t\t<input type=\"hidden\" name=\"esfpx_es_form_identifier\" value=\"f3-n1\" \/>\n\t\t\t<input type=\"hidden\" name=\"esfpx_es_email_page\" value=\"648\" \/>\n\t\t\t<input type=\"hidden\" name=\"esfpx_es_email_page_url\" value=\"https:\/\/voyage-partage.fr\/index.php\/sinscrire-a-la-newsletter\/\" \/>\n\t\t\t<input type=\"hidden\" name=\"esfpx_status\" value=\"Unconfirmed\" \/>\n\t\t\t<input type=\"hidden\" name=\"esfpx_es-subscribe\" id=\"es-subscribe-69def46419fb9\" value=\"4f3ca03400\" \/>\n\t\t\t<label style=\"position:absolute;top:-99999px;left:-99999px;z-index:-99;\" aria-hidden=\"true\"><span hidden>Please leave this field empty.<\/span><input type=\"email\" name=\"esfpx_es_hp_email\" class=\"es_required_field\" tabindex=\"-1\" autocomplete=\"-1\" value=\"\" \/><\/label><input type=\"submit\" name=\"submit\" class=\"es_subscription_form_submit es_submit_button es_textbox_button\" id=\"es_subscription_form_submit_69def46419fb9\" value=\"Subscribe\" \/><span class=\"es_spinner_image\" id=\"spinner-image\"><img decoding=\"async\" src=\"https:\/\/voyage-partage.fr\/wp-content\/plugins\/email-subscribers\/lite\/public\/images\/spinner.gif\" alt=\"Loading\" \/><\/span><\/form><span class=\"es_subscription_message \" id=\"es_subscription_message_69def46419fb9\" role=\"alert\" aria-live=\"assertive\"><\/span><\/div>\n","protected":false},"excerpt":{"rendered":"<p>Si vous voulez \u00eatre pr\u00e9venu d\u00e8s qu&rsquo;un nouvel article est post\u00e9 sur le site, notamment pour les s\u00e9ries d&rsquo;articles, inscrivez-vous !<\/p>\n","protected":false},"author":1,"featured_media":0,"parent":0,"menu_order":0,"comment_status":"closed","ping_status":"closed","template":"","meta":{"sfsi_plus_gutenberg_text_before_share":"","sfsi_plus_gutenberg_show_text_before_share":"","sfsi_plus_gutenberg_icon_type":"","sfsi_plus_gutenberg_icon_alignemt":"","sfsi_plus_gutenburg_max_per_row":"","_exactmetrics_skip_tracking":false,"_exactmetrics_sitenote_active":false,"_exactmetrics_sitenote_note":"","_exactmetrics_sitenote_category":0,"footnotes":""},"tags":[143,142,141],"class_list":["post-648","page","type-page","status-publish","hentry","tag-alerte","tag-inscription","tag-newsletter"],"post_mailing_queue_ids":[],"_links":{"self":[{"href":"https:\/\/voyage-partage.fr\/index.php\/wp-json\/wp\/v2\/pages\/648","targetHints":{"allow":["GET"]}}],"collection":[{"href":"https:\/\/voyage-partage.fr\/index.php\/wp-json\/wp\/v2\/pages"}],"about":[{"href":"https:\/\/voyage-partage.fr\/index.php\/wp-json\/wp\/v2\/types\/page"}],"author":[{"embeddable":true,"href":"https:\/\/voyage-partage.fr\/index.php\/wp-json\/wp\/v2\/users\/1"}],"replies":[{"embeddable":true,"href":"https:\/\/voyage-partage.fr\/index.php\/wp-json\/wp\/v2\/comments?post=648"}],"version-history":[{"count":4,"href":"https:\/\/voyage-partage.fr\/index.php\/wp-json\/wp\/v2\/pages\/648\/revisions"}],"predecessor-version":[{"id":2438,"href":"https:\/\/voyage-partage.fr\/index.php\/wp-json\/wp\/v2\/pages\/648\/revisions\/2438"}],"wp:attachment":[{"href":"https:\/\/voyage-partage.fr\/index.php\/wp-json\/wp\/v2\/media?parent=648"}],"wp:term":[{"taxonomy":"post_tag","embeddable":true,"href":"https:\/\/voyage-partage.fr\/index.php\/wp-json\/wp\/v2\/tags?post=648"}],"curies":[{"name":"wp","href":"https:\/\/api.w.org\/{rel}","templated":true}]}}